{"id":1104,"date":"2025-08-27T11:12:06","date_gmt":"2025-08-27T11:12:06","guid":{"rendered":"https:\/\/cursopracticoseo.com\/colmed\/?page_id=1104"},"modified":"2025-09-02T11:49:12","modified_gmt":"2025-09-02T11:49:12","slug":"convenios","status":"publish","type":"page","link":"https:\/\/cursopracticoseo.com\/colmed\/servicios\/convenios\/","title":{"rendered":"Convenios"},"content":{"rendered":"\t\t<div data-elementor-type=\"wp-page\" data-elementor-id=\"1104\" class=\"elementor elementor-1104\" data-elementor-post-type=\"page\">\n\t\t\t\t<div data-particle_enable=\"false\" data-particle-mobile-disabled=\"false\" class=\"elementor-element elementor-element-6c7f57b e-flex e-con-boxed e-con e-parent\" data-id=\"6c7f57b\" data-element_type=\"container\" data-settings=\"{&quot;background_background&quot;:&quot;classic&quot;}\">\n\t\t\t\t\t<div class=\"e-con-inner\">\n\t\t\t\t<div class=\"elementor-element elementor-element-5782da1 elementor-invisible elementor-widget elementor-widget-heading\" data-id=\"5782da1\" data-element_type=\"widget\" data-settings=\"{&quot;motion_fx_motion_fx_mouse&quot;:&quot;yes&quot;,&quot;_animation&quot;:&quot;fadeInLeft&quot;}\" data-widget_type=\"heading.default\">\n\t\t\t\t<div class=\"elementor-widget-container\">\n\t\t\t\t\t<h2 class=\"elementor-heading-title elementor-size-default\">Convenios<\/h2>\t\t\t\t<\/div>\n\t\t\t\t<\/div>\n\t\t\t\t<div class=\"elementor-element elementor-element-381d988 elementor-widget elementor-widget-eael-breadcrumbs\" data-id=\"381d988\" data-element_type=\"widget\" data-widget_type=\"eael-breadcrumbs.default\">\n\t\t\t\t<div class=\"elementor-widget-container\">\n\t\t\t\t\t\t\t<div class=\"eael-breadcrumbs\">\n\t\t\t<div class=\"eael-breadcrumbs__content\"><a href=\"https:\/\/cursopracticoseo.com\/colmed\">Inicio<\/a> <span class=\"eael-breadcrumb-separator\">\/<\/span> <span class = \"eael-current\">P\u00e1gina<\/span><\/div>\t\t<\/div>\n\t\t\t\t\t\t<\/div>\n\t\t\t\t<\/div>\n\t\t\t\t\t<\/div>\n\t\t\t\t<\/div>\n\t\t<div data-particle_enable=\"false\" data-particle-mobile-disabled=\"false\" class=\"elementor-element elementor-element-397e8a75 e-flex e-con-boxed e-con e-parent\" data-id=\"397e8a75\" data-element_type=\"container\">\n\t\t\t\t\t<div class=\"e-con-inner\">\n\t\t<div data-particle_enable=\"false\" data-particle-mobile-disabled=\"false\" class=\"elementor-element elementor-element-312ab32c e-con-full e-flex elementor-invisible e-con e-child\" data-id=\"312ab32c\" data-element_type=\"container\" data-settings=\"{&quot;animation&quot;:&quot;fadeInLeft&quot;}\">\n\t\t\t\t<div class=\"elementor-element elementor-element-542a38e9 elementor-widget elementor-widget-heading\" data-id=\"542a38e9\" data-element_type=\"widget\" data-widget_type=\"heading.default\">\n\t\t\t\t<div class=\"elementor-widget-container\">\n\t\t\t\t\t<h2 class=\"elementor-heading-title elementor-size-default\">M\u00e1s opciones<\/h2>\t\t\t\t<\/div>\n\t\t\t\t<\/div>\n\t\t\t\t<div class=\"elementor-element elementor-element-149aff0a elementor-widget elementor-widget-heading\" data-id=\"149aff0a\" data-element_type=\"widget\" data-widget_type=\"heading.default\">\n\t\t\t\t<div class=\"elementor-widget-container\">\n\t\t\t\t\t<h2 class=\"elementor-heading-title elementor-size-default\">Ofrecemos convenios para nuestros colegiados<\/h2>\t\t\t\t<\/div>\n\t\t\t\t<\/div>\n\t\t\t\t<div class=\"elementor-element elementor-element-1fdba1db elementor-widget elementor-widget-text-editor\" data-id=\"1fdba1db\" data-element_type=\"widget\" data-widget_type=\"text-editor.default\">\n\t\t\t\t<div class=\"elementor-widget-container\">\n\t\t\t\t\t\t\t\t\t<p data-start=\"307\" data-end=\"495\">El Colegio Oficial de M\u00e9dicos de Le\u00f3n pone a disposici\u00f3n de sus colegiados una amplia red de convenios con entidades y empresas colaboradoras, ofreciendo condiciones ventajosas en servicios profesionales, formaci\u00f3n, ocio, cultura y bienestar. Una forma de aportar valor a\u00f1adido y beneficios exclusivos a la colegiaci\u00f3n.<\/p>\t\t\t\t\t\t\t\t<\/div>\n\t\t\t\t<\/div>\n\t\t\t\t<\/div>\n\t\t<div data-particle_enable=\"false\" data-particle-mobile-disabled=\"false\" class=\"elementor-element elementor-element-4029829b e-con-full e-flex elementor-invisible e-con e-child\" data-id=\"4029829b\" data-element_type=\"container\" data-settings=\"{&quot;animation&quot;:&quot;fadeInRight&quot;}\">\n\t\t\t\t<div class=\"elementor-element elementor-element-37c897c2 elementor-invisible elementor-widget elementor-widget-image\" data-id=\"37c897c2\" data-element_type=\"widget\" data-settings=\"{&quot;_animation&quot;:&quot;fadeInRight&quot;}\" data-widget_type=\"image.default\">\n\t\t\t\t<div class=\"elementor-widget-container\">\n\t\t\t\t\t\t\t\t\t\t\t\t\t\t\t<img fetchpriority=\"high\" decoding=\"async\" width=\"800\" height=\"480\" src=\"https:\/\/cursopracticoseo.com\/colmed\/wp-content\/uploads\/2025\/08\/8.jpg\" class=\"attachment-large size-large wp-image-913\" alt=\"\" srcset=\"https:\/\/cursopracticoseo.com\/colmed\/wp-content\/uploads\/2025\/08\/8.jpg 1000w, https:\/\/cursopracticoseo.com\/colmed\/wp-content\/uploads\/2025\/08\/8-300x180.jpg 300w, https:\/\/cursopracticoseo.com\/colmed\/wp-content\/uploads\/2025\/08\/8-768x461.jpg 768w\" sizes=\"(max-width: 800px) 100vw, 800px\" \/>\t\t\t\t\t\t\t\t\t\t\t\t\t\t\t<\/div>\n\t\t\t\t<\/div>\n\t\t\t\t<\/div>\n\t\t\t\t\t<\/div>\n\t\t\t\t<\/div>\n\t\t<div data-particle_enable=\"false\" data-particle-mobile-disabled=\"false\" class=\"elementor-element elementor-element-59b5c76 e-grid e-con-boxed e-con e-parent\" data-id=\"59b5c76\" data-element_type=\"container\">\n\t\t\t\t\t<div class=\"e-con-inner\">\n\t\t<div data-particle_enable=\"false\" data-particle-mobile-disabled=\"false\" class=\"elementor-element elementor-element-13b5c1b e-con-full e-flex e-con e-child\" data-id=\"13b5c1b\" data-element_type=\"container\">\n\t\t\t\t<div class=\"elementor-element elementor-element-90dcf16 elementor-position-top elementor-widget elementor-widget-image-box\" data-id=\"90dcf16\" data-element_type=\"widget\" data-widget_type=\"image-box.default\">\n\t\t\t\t<div class=\"elementor-widget-container\">\n\t\t\t\t\t<div class=\"elementor-image-box-wrapper\"><figure class=\"elementor-image-box-img\"><img decoding=\"async\" width=\"564\" height=\"188\" src=\"https:\/\/cursopracticoseo.com\/colmed\/wp-content\/uploads\/2025\/08\/Captura-de-pantalla-2025-08-22-a-las-13.40.07.png\" class=\"attachment-full size-full wp-image-1074\" alt=\"\" srcset=\"https:\/\/cursopracticoseo.com\/colmed\/wp-content\/uploads\/2025\/08\/Captura-de-pantalla-2025-08-22-a-las-13.40.07.png 564w, https:\/\/cursopracticoseo.com\/colmed\/wp-content\/uploads\/2025\/08\/Captura-de-pantalla-2025-08-22-a-las-13.40.07-300x100.png 300w\" sizes=\"(max-width: 564px) 100vw, 564px\" \/><\/figure><div class=\"elementor-image-box-content\"><h3 class=\"elementor-image-box-title\">Nueva P\u00f3liza de Seguro de Viaje <\/h3><p class=\"elementor-image-box-description\">ha suscrito una nueva p\u00f3liza de seguro de viajes con Uniteco para la cobertura de cualquier tipo de incidencia en viajes para todos los colegiados, as\u00ed como la  familia del colegiado que este a su cargo. La asistencia ser\u00e1 v\u00e1lida en Espa\u00f1a, Europa y resto del Mundo. Se excluyen, en todo caso, aquellos pa\u00edses que a\u00fan reflejados en el \u00e1mbito territorial contratado, durante el desplazamiento se hallen en estado de guerra, insurrecci\u00f3n o conflictos b\u00e9licos de cualquier clase o naturaleza\nLas caracter\u00edsticas de la p\u00f3liza se pueden consultar de forma resumida en el archivo adjunto y en el siguiente enlace puede acceder al texto completo de las condiciones generales del contrato.<\/p><\/div><\/div>\t\t\t\t<\/div>\n\t\t\t\t<\/div>\n\t\t\t\t<\/div>\n\t\t<div data-particle_enable=\"false\" data-particle-mobile-disabled=\"false\" class=\"elementor-element elementor-element-7bd5a05 e-con-full e-flex e-con e-child\" data-id=\"7bd5a05\" data-element_type=\"container\">\n\t\t\t\t<div class=\"elementor-element elementor-element-63b92fa elementor-position-top elementor-widget elementor-widget-image-box\" data-id=\"63b92fa\" data-element_type=\"widget\" data-widget_type=\"image-box.default\">\n\t\t\t\t<div class=\"elementor-widget-container\">\n\t\t\t\t\t<div class=\"elementor-image-box-wrapper\"><figure class=\"elementor-image-box-img\"><img decoding=\"async\" width=\"412\" height=\"136\" src=\"https:\/\/cursopracticoseo.com\/colmed\/wp-content\/uploads\/2025\/08\/Captura-de-pantalla-2025-08-22-a-las-13.41.35.png\" class=\"attachment-full size-full wp-image-1081\" alt=\"\" srcset=\"https:\/\/cursopracticoseo.com\/colmed\/wp-content\/uploads\/2025\/08\/Captura-de-pantalla-2025-08-22-a-las-13.41.35.png 412w, https:\/\/cursopracticoseo.com\/colmed\/wp-content\/uploads\/2025\/08\/Captura-de-pantalla-2025-08-22-a-las-13.41.35-300x99.png 300w\" sizes=\"(max-width: 412px) 100vw, 412px\" \/><\/figure><div class=\"elementor-image-box-content\"><h3 class=\"elementor-image-box-title\">Este es el encabezado<\/h3><p class=\"elementor-image-box-description\">ha suscrito una nueva p\u00f3liza de seguro de viajes con Uniteco para la cobertura de cualquier tipo de incidencia en viajes para todos los colegiados, as\u00ed como la  familia del colegiado que este a su cargo. La asistencia ser\u00e1 v\u00e1lida en Espa\u00f1a, Europa y resto del Mundo. Se excluyen, en todo caso, aquellos pa\u00edses que a\u00fan reflejados en el \u00e1mbito territorial contratado, durante el desplazamiento se hallen en estado de guerra, insurrecci\u00f3n o conflictos b\u00e9licos de cualquier clase o naturaleza\nLas caracter\u00edsticas de la p\u00f3liza se pueden consultar de forma resumida en el archivo adjunto y en el siguiente enlace puede acceder al texto completo de las condiciones generales del contrato.<\/p><\/div><\/div>\t\t\t\t<\/div>\n\t\t\t\t<\/div>\n\t\t\t\t<\/div>\n\t\t<div data-particle_enable=\"false\" data-particle-mobile-disabled=\"false\" class=\"elementor-element elementor-element-6ebd30c e-con-full e-flex e-con e-child\" data-id=\"6ebd30c\" data-element_type=\"container\">\n\t\t\t\t<div class=\"elementor-element elementor-element-f94c58b elementor-position-top elementor-widget elementor-widget-image-box\" data-id=\"f94c58b\" data-element_type=\"widget\" data-widget_type=\"image-box.default\">\n\t\t\t\t<div class=\"elementor-widget-container\">\n\t\t\t\t\t<div class=\"elementor-image-box-wrapper\"><figure class=\"elementor-image-box-img\"><img loading=\"lazy\" decoding=\"async\" width=\"1250\" height=\"357\" src=\"https:\/\/cursopracticoseo.com\/colmed\/wp-content\/uploads\/2025\/06\/cropped-LogoVectorizado_imagen-01-1.png\" class=\"attachment-full size-full wp-image-28\" alt=\"\" srcset=\"https:\/\/cursopracticoseo.com\/colmed\/wp-content\/uploads\/2025\/06\/cropped-LogoVectorizado_imagen-01-1.png 1250w, https:\/\/cursopracticoseo.com\/colmed\/wp-content\/uploads\/2025\/06\/cropped-LogoVectorizado_imagen-01-1-300x86.png 300w, https:\/\/cursopracticoseo.com\/colmed\/wp-content\/uploads\/2025\/06\/cropped-LogoVectorizado_imagen-01-1-1024x292.png 1024w, https:\/\/cursopracticoseo.com\/colmed\/wp-content\/uploads\/2025\/06\/cropped-LogoVectorizado_imagen-01-1-768x219.png 768w\" sizes=\"(max-width: 1250px) 100vw, 1250px\" \/><\/figure><div class=\"elementor-image-box-content\"><h3 class=\"elementor-image-box-title\">Este es el encabezado<\/h3><p class=\"elementor-image-box-description\">ha suscrito una nueva p\u00f3liza de seguro de viajes con Uniteco para la cobertura de cualquier tipo de incidencia en viajes para todos los colegiados, as\u00ed como la  familia del colegiado que este a su cargo. La asistencia ser\u00e1 v\u00e1lida en Espa\u00f1a, Europa y resto del Mundo. Se excluyen, en todo caso, aquellos pa\u00edses que a\u00fan reflejados en el \u00e1mbito territorial contratado, durante el desplazamiento se hallen en estado de guerra, insurrecci\u00f3n o conflictos b\u00e9licos de cualquier clase o naturaleza\nLas caracter\u00edsticas de la p\u00f3liza se pueden consultar de forma resumida en el archivo adjunto y en el siguiente enlace puede acceder al texto completo de las condiciones generales del contrato.<\/p><\/div><\/div>\t\t\t\t<\/div>\n\t\t\t\t<\/div>\n\t\t\t\t<\/div>\n\t\t\t\t\t<\/div>\n\t\t\t\t<\/div>\n\t\t\t\t<\/div>\n\t\t","protected":false},"excerpt":{"rendered":"<p>Inicio \/ P\u00e1gina M\u00e1s opciones Ofrecemos convenios para nuestros colegiados El Colegio Oficial de M\u00e9dicos de Le\u00f3n pone a disposici\u00f3n de sus colegiados una amplia red de convenios con entidades y empresas colaboradoras, ofreciendo condiciones ventajosas en servicios profesionales, formaci\u00f3n, ocio, cultura y bienestar. Una forma de aportar valor a\u00f1adido y beneficios exclusivos a la [&hellip;]<\/p>\n","protected":false},"author":1,"featured_media":0,"parent":219,"menu_order":0,"comment_status":"closed","ping_status":"closed","template":"","meta":{"footnotes":""},"class_list":["post-1104","page","type-page","status-publish","hentry"],"_links":{"self":[{"href":"https:\/\/cursopracticoseo.com\/colmed\/wp-json\/wp\/v2\/pages\/1104","targetHints":{"allow":["GET"]}}],"collection":[{"href":"https:\/\/cursopracticoseo.com\/colmed\/wp-json\/wp\/v2\/pages"}],"about":[{"href":"https:\/\/cursopracticoseo.com\/colmed\/wp-json\/wp\/v2\/types\/page"}],"author":[{"embeddable":true,"href":"https:\/\/cursopracticoseo.com\/colmed\/wp-json\/wp\/v2\/users\/1"}],"replies":[{"embeddable":true,"href":"https:\/\/cursopracticoseo.com\/colmed\/wp-json\/wp\/v2\/comments?post=1104"}],"version-history":[{"count":19,"href":"https:\/\/cursopracticoseo.com\/colmed\/wp-json\/wp\/v2\/pages\/1104\/revisions"}],"predecessor-version":[{"id":1381,"href":"https:\/\/cursopracticoseo.com\/colmed\/wp-json\/wp\/v2\/pages\/1104\/revisions\/1381"}],"up":[{"embeddable":true,"href":"https:\/\/cursopracticoseo.com\/colmed\/wp-json\/wp\/v2\/pages\/219"}],"wp:attachment":[{"href":"https:\/\/cursopracticoseo.com\/colmed\/wp-json\/wp\/v2\/media?parent=1104"}],"curies":[{"name":"wp","href":"https:\/\/api.w.org\/{rel}","templated":true}]}}